he highest common factor of 4517 and 642123169.
4517
What is the highest common divisor of 8176 and 760525388?
2044
What is the greatest common divisor of 3182 and 22282428?
86
What is the greatest common divisor of 34224 and 12896031?
2139
What is the greatest common divisor of 340032 and 3657?
69
What is the highest common factor of 1032 and 2661352?
8
What is the highest common divisor of 464114 and 112?
14
What is the greatest common divisor of 11 and 99512281?
11
What is the greatest common divisor of 71711 and 11?
1
What is the greatest common divisor of 8351 and 5215?
7
Calculate the highest common divisor of 417099 and 69.
3
What is the highest common divisor of 1172230 and 3170?
10
Calculate the greatest common factor of 1 and 1127188.
1
Calculate the greatest common factor of 469 and 31990021.
469
What is the greatest common divisor of 13981 and 311894?
11
What is the greatest common divisor of 2460992 and 13568?
64
What is the highest common divisor of 70684110 and 251?
251
Calculate the greatest common factor of 9918 and 3246840.
522
What is the highest common divisor of 485703 and 54?
27
What is the highest common factor of 592317 and 112871?
341
Calculate the greatest common divisor of 28509378 and 870.
174
Calculate the highest common divisor of 5102776 and 1176.
56
Calculate the greatest common divisor of 56417921 and 3262.
1631
What is the greatest common divisor of 36 and 28939509?
9
Calculate the greatest common divisor of 421 and 14994757.
421
Calculate the highest common divisor of 5832 and 363726.
18
What is the highest common divisor of 44073 and 1650123?
747
Calculate the highest common divisor of 3060372 and 616.
28
What is the greatest common factor of 21736 and 1268839?
2717
Calculate the highest common factor of 79272 and 39.
3
Calculate the greatest common divisor of 2690208 and 1104.
48
What is the greatest common factor of 1762541 and 11?
11
Calculate the greatest common divisor of 2034 and 289379214.
2034
What is the greatest common factor of 164 and 27352863?
41
What is the highest common factor of 7107 and 2454813?
69
What is the greatest common divisor of 2207778 and 504?
6
What is the highest common divisor of 54354097 and 53?
53
Calculate the highest common factor of 128661 and 1190939.
3299
What is the greatest common divisor of 316 and 72228120?
316
What is the greatest common divisor of 2708802 and 1620?
162
What is the highest common divisor of 1495204 and 52?
4
Calculate the greatest common divisor of 810780 and 948.
12
What is the greatest common divisor of 80 and 9180760?
40
What is the highest common factor of 175115547 and 113805?
7587
Calculate the greatest common factor of 26960850 and 84.
42
Calculate the highest common factor of 16728180 and 7140.
420
What is the highest common factor of 346851 and 986?
17
What is the greatest common factor of 1369 and 15638087?
1369
Calculate the highest common factor of 13920 and 361298240.
4640
Calculate the greatest common factor of 3108 and 805056.
84
What is the highest common divisor of 15666 and 564522?
42
Calculate the highest common divisor of 48525675 and 66.
33
Calculate the greatest common factor of 47212685 and 83336.
947
What is the greatest common divisor of 135630 and 1192950?
990
What is the highest common factor of 162 and 227678904?
54
What is the greatest common factor of 7392 and 3302904?
264
Calculate the greatest common factor of 75224503 and 2591.
2591
Calculate the greatest common divisor of 2924 and 731086.
86
Calculate the highest common factor of 756888 and 20856.
264
Calculate the greatest common divisor of 1592300 and 45.
5
What is the greatest common divisor of 6981439 and 1025?
41
Calculate the highest common divisor of 225628572 and 39.
39
What is the greatest common factor of 740160 and 113328?
144
What is the highest common divisor of 2220 and 1118004?
12
What is the highest common factor of 438355624 and 434?
434
Calculate the highest common factor of 152356 and 19516.
164
Calculate the greatest common divisor of 3829589 and 139.
139
Calculate the greatest common divisor of 156914103 and 57.
57
Calculate the highest common divisor of 2824 and 3064.
8
What is the greatest common divisor of 277835 and 52309?
181
Calculate the greatest common divisor of 482297 and 6913971.
1571
What is the highest common divisor of 1385 and 25651585?
1385
Calculate the highest common divisor of 271803 and 14700.
147
What is the highest common divisor of 182030 and 728621?
167
What is the greatest common divisor of 1739 and 8346497?
37
Calculate the greatest common divisor of 15 and 7090440.
15
Calculate the greatest common divisor of 2323822 and 135742.
2026
What is the highest common divisor of 890 and 3421694?
178
Calculate the highest common factor of 231307951 and 21.
7
Calculate the highest common factor of 1076760 and 192480.
120
Calculate the greatest common divisor of 7228 and 65946604.
556
Calculate the greatest common factor of 661 and 105598716.
661
What is the greatest common divisor of 37704 and 1996872?
24
What is the highest common divisor of 1284 and 9894468?
12
What is the highest common divisor of 672 and 66110352?
336
What is the highest common divisor of 1083 and 413250?
57
What is the highest common factor of 129221 and 367?
1
What is the greatest common divisor of 45318793 and 754?
377
Calculate the greatest common divisor of 1288 and 678932492.
644
Calculate the greatest common factor of 13896 and 90127719.
1737
What is the highest common divisor of 1038 and 510022338?
1038
Calculate the highest common factor of 11073 and 17145.
3
What is the highest common divisor of 702 and 169103493?
117
What is the highest common divisor of 344492 and 66477252?
4852
Calculate the highest common factor of 76 and 2165354.
38
Calculate the greatest common divisor of 94833718 and 833.
833
What is the highest common divisor of 10 and 3533315?
5
Calculate the greatest common divisor of 403840 and 14.
2
Calculate the greatest common divisor of 724130 and 16117.
227
Calculate the greatest common factor of 6486 and 375636.
138
What is the highest common factor of 405 and 1109415?
15
What is the greatest common factor of 324 and 132202368?
324
Calculate the greatest common factor of 18942245 and 35105.
2065
Calculate the greatest common divisor of 3061002 and 992.
62
What is the highest common divisor of 27986 and 23926?
14
Calculate the greatest common factor of 9805913 and 923.
13
What is the greatest common factor of 42030160 and 620?
20
What is the greatest common divisor of 120399 and 1407051?
1797
What is the greatest common divisor of 129288 and 672?
24
Calculate the highest common divisor of 233073 and 113935896.
12267
What is the highest common divisor of 21 and 42019691?
7
What is the greatest common divisor of 4108 and 5768828?
52
Calculate the highest common divisor of 33833254 and 182.
182
Calculate the highest common divisor of 7336 and 43599682.
1834
Calculate the greatest common divisor of 3776 and 125653952.
3776
Calculate the greatest common factor of 224808 and 111588.
204
What is the highest common divisor of 9855 and 140805?
135
What is the highest common factor of 85271 and 429053?
71
What is the highest common factor of 7852932 and 5052?
12
What is the highest common factor of 234389 and 16309?
47
Calculate the highest common factor of 9036 and 1090518696.
9036
Calculate the highest common factor of 357481 and 3084031.
6059
What is the highest common divisor of 5356244 and 16?
4
Calculate the greatest common factor of 3904 and 129436144.
976
What is the highest common divisor of 23731 and 5947?
19
What is the greatest common divisor of 132310510 and 8940?
1490
Calculate the greatest common divisor of 659856 and 834732.
708
Calculate the greatest common divisor of 163955 and 1119230.
1355
Calculate the highest common divisor of 72 and 13567560.
24
What is the greatest common factor of 219 and 99347817?
219
Calculate the greatest common factor of 25568 and 52711628.
3196
What is the highest common divisor of 1669510 and 1314?
146
What is the highest common factor of 980600 and 76?
4
What is the highest common factor of 132 and 118608?
12
What is the highest common divisor of 796 and 461436623?
199
What is the greatest 